n base 7, what is -1130 - 15?
-1145
In base 14, what is 0 - 1c?
-1c
In base 2, what is 101110 - 11100?
10010
In base 12, what is 84a5 + -3?
84a2
In base 3, what is -1122 - 210?
-2102
In base 13, what is -4 + -7c8?
-7cc
In base 12, what is -211a - -3?
-2117
In base 3, what is -10 - 1011?
-1021
In base 5, what is -2422 + -304?
-3231
In base 15, what is 0 - 7d?
-7d
In base 14, what is -24 + -ac?
-d2
In base 14, what is -2 - a3?
-a5
In base 13, what is -2 - 14?
-16
In base 6, what is -5 + 2124?
2115
In base 13, what is 2 + -108?
-106
In base 5, what is -430 - -30?
-400
In base 16, what is 173 - 4?
16f
In base 2, what is 100011000 + -1110?
100001010
In base 4, what is 131 + -23?
102
In base 8, what is 143 - 5?
136
In base 6, what is 40 - 444?
-404
In base 15, what is 47 - 1?
46
In base 15, what is 35 - 1?
34
In base 2, what is 11110 - -100010?
1000000
In base 14, what is 23 - -1d?
42
In base 8, what is 130 + 4?
134
In base 15, what is 2 + -d2?
-d0
In base 8, what is 17 + -157?
-140
In base 5, what is 4 + 21?
30
In base 11, what is -547 - -a?
-538
In base 10, what is -47 - 2?
-49
In base 2, what is -100011000010 - -10?
-100011000000
In base 7, what is 5513 - 10?
5503
In base 2, what is 101 + 1010000?
1010101
In base 11, what is 176 - -3?
179
In base 14, what is 118 - -3?
11b
In base 4, what is 20021 + 1?
20022
In base 10, what is 2 - 391?
-389
In base 10, what is 517 - 2?
515
In base 11, what is -3 - 1833?
-1836
In base 4, what is 3122 + -2?
3120
In base 12, what is 5356 - 2?
5354
In base 3, what is 110010 + 2?
110012
In base 14, what is -122c - -1?
-122b
In base 7, what is 102 - 40?
32
In base 5, what is 214 + 33?
302
In base 7, what is 3335 - -3?
3341
In base 4, what is -2113 - -2?
-2111
In base 13, what is -17b + -3?
-181
In base 5, what is 3422 + 31?
4003
In base 5, what is -10 - -2?
-3
In base 10, what is -3 - -46?
43
In base 10, what is -44 + 6?
-38
In base 9, what is -11 + -554?
-565
In base 8, what is -21 + -26?
-47
In base 12, what is 171 + 3?
174
In base 3, what is -1122121 + 10?
-1122111
In base 12, what is 4 + -44?
-40
In base 9, what is -12 + 13?
1
In base 2, what is 100110000111 + -100?
100110000011
In base 15, what is 2929 + 0?
2929
In base 5, what is -14 + -144?
-213
In base 2, what is -10010100 + 1010?
-10001010
In base 5, what is 2 - -4420?
4422
In base 14, what is -27 - -1c?
-9
In base 11, what is -171a - 6?
-1725
In base 12, what is -46 - 44?
-8a
In base 15, what is 5 - b7?
-b2
In base 5, what is -23 + -204?
-232
In base 10, what is -30 + 38?
8
In base 12, what is -37a + -6?
-384
In base 13, what is -18b - 3?
-191
In base 14, what is 2 + 71?
73
In base 4, what is -1011112 + 0?
-1011112
In base 16, what is 13e4 + -2?
13e2
In base 11, what is -1 - 600?
-601
In base 9, what is -114 - -5?
-108
In base 8, what is 134 + -14?
120
In base 10, what is 3 + -172?
-169
In base 9, what is -265 + -12?
-277
In base 2, what is 11100 + 1000?
100100
In base 5, what is 2 + -3020?
-3013
In base 9, what is -2 + -381?
-383
In base 7, what is 1 + -114?
-113
In base 9, what is -166 - -4?
-162
In base 16, what is 1c0 + 2b?
1eb
In base 9, what is 252 - -5?
257
In base 15, what is -1 + -25?
-26
In base 9, what is -154 - -3?
-151
In base 6, what is 0 + 1244?
1244
In base 5, what is 10022 - -3?
10030
In base 12, what is -1 + 225?
224
In base 12, what is 277a + 0?
277a
In base 16, what is 132 + 4?
136
In base 2, what is 100100010 - 11?
100011111
In base 15, what is ec8 + 2?
eca
In base 7, what is 2 - 43?
-41
In base 8, what is 12 + -117?
-105
In base 7, what is 5 - -322?
330
In base 2, what is -10 - -1001111000?
1001110110
In base 5, what is -4 - 100220?
-100224
In base 2, what is 111100101 + 0?
111100101
In base 7, what is -4 - -130?
123
In base 13, what is -67 - 3?
-6a
In base 9, what is 748 - 26?
722
In base 2, what is -10001 + 11110101101?
11110011100
In base 4, what is 1101 - 10?
1031
In base 8, what is -2 + -5605?
-5607
In base 3, what is -2002001 - -2?
-2001222
In base 14, what is 87 + 2a?
b3
In base 3, what is -1102 + -2?
-1111
In base 11, what is -35 - 19?
-53
In base 9, what is 5 + -260?
-254
In base 14, what is 49 - 9?
40
In base 3, what is -111 + 20200?
20012
In base 14, what is 0 + -7?
-7
In base 2, what is -100 - 111110?
-1000010
In base 11, what is 1086 - 3?
1083
In base 8, what is 11 + 11?
22
In base 4, what is 2203102 - 1?
2203101
In base 8, what is 56 + 10?
66
In base 13, what is 9 - 19?
-10
In base 11, what is 5 - -175?
17a
In base 16, what is -47 + -32?
-79
In base 13, what is -b3b - -5?
-b36
In base 9, what is -32 - -23?
-8
In base 10, what is 4 - -42?
46
In base 6, what is 1014 + 44?
1102
In base 10, what is 7 + -38?
-31
In base 13, what is 53 - -3?
56
In base 16, what is 16 + -8?
e
In base 14, what is -5 - -a8?
a3
In base 14, what is 3109 + 1?
310a
In base 11, what is -11 + 95?
84
In base 14, what is b - 63?
-56
In base 12, what is 170 - -5?
175
In base 6, what is 2 - -234?
240
In base 13, what is 1 - -18?
19
In base 12, what is 4 - -50?
54
In base 9, what is 6 - 101?
-84
In base 5, what is -4 - -312?
303
In base 8, what is 4735 - 5?
4730
In base 10, what is 6 - 16?
-10
In base 3, what is 10 - 10120?
-10110
In base 5, what is -140024 + 3?
-140021
In base 8, what is 37 - -14?
53
In base 2, what is -100 + 100000011?
11111111
In base 5, what is -2234 + 2?
-2232
In base 7, what is 424 - 31?
363
In base 7, what is 4 - 230?
-223
In base 5, what is 21 - -104?
130
In base 6, what is 12 + 0?
12
In base 13, what is -60 - 2?
-62
In base 12, what is -657 - 2?
-659
In base 6, what is 1 + -4010?
-4005
In base 5, what is -3002 - 0?
-3002
In base 3, what is -1200 - -20?
-1110
In base 7, what is 36 - -245?
314
In base 6, what is -1 + -143?
-144
In base 6, what is -315 - -3?
-312
In base 12, what is -8a + 64?
-26
In base 3, what is -12 + 2011?
1222
In base 15, what is 2 - -686?
688
In base 2, what is -1 - 111111?
-1000000
In base 12, what is 36b2 + 0?
36b2
In base 12, what is 211 + -16?
1b7
In base 2, what is 0 - 1011111?
-1011111
In base 14, what is -4 - 172?
-176
In base 13, what is -260 - -1?
-25c
In base 10, what is -7 + -5?
-12
In base 12, what is 1 + -93?
-92
In base 12, what is -1 - 2089?
-208a
In base 11, what is -236 - 0?
-236
In base 12, what is -8 + -12?
-1a
In base 16, what is -2d + -8?
-35
In base 11, what is 26 + -15?
11
In base 2, what is -111011 - 1?
-111100
In base 9, what is -24625 - 3?
-24628
In base 5, what is 10 + 2000?
2010
In base 5, what is -120 - -241?
121
In base 11, what is -5 + 7?
2
In base 7, what is -4536 + -1?
-4540
In base 16, what is 3b3 - 4?
3af
In base 12, what is 3 + -154a?
-1547
In base 6, what is 1 - 2030?
-2025
In base 7, what is -4 + 144?
140
In base 8, what is -1060 - 5?
-1065
In base 9, what is -485 - -5?
-480
In base 3, what is -100 - -1220?
1120
In base 11, what is 132 - -3?
135
In base 6, what is 4 + -12214?
-12210
In base 4, what is 11 + -10330?
-10313
In base 4, what is 1 - -122300?
122301
In base 4, what is 3213 + -12?
3201
In base 13, what is -5 - -22?
1a
In base 8, what is 0 + 5626?
5626
In base 11, what is -22 - 78a?
-801
In base 8, what is 10320 + -1?
10317
In base 7, what is 0 - 100?
-100
In base 3, what is -1 + 20002010?
20002002
In base 10, what is -5 + 994?
989
In base 5, what is 340 + -4?
331
In base 11, what is 8 + -23?
-16
In base 4, what is 3 + -322?
-313
In base 11, what is 1 + 180?
181
In base 5, what is -11 + 14242?
14231
In base 7, what is 1066 + 1?
1100
In base 10, what is 0 + -140?
-140
In base 5, what is 203 + 3?
211
In base 7, what is 12112 + 4?
12116
In base 10, what is -8 + -543?
-551
In base 10, what is 71 + 3?
74
In base 7, what is 32 - -3612?
3644
In base 10, what is -3 - 56?
-59
In base 9, what is 2 - -438?
441
In base 8, what is 153 - 46?
105
In base 14, what is 0 + -5?
-5
In base 7, what is -34 - 665?
-1032
In base 3, what is -110102022 + 2?
-110102020
In base 15, what is -81 - -2?
-7e
In base 10, what is 3 - 3148?
-3145
In base 6, what is -5 + -124?
-133
In base 11, what is -451 + -25?
-476
In base 7, what is -150 - 34?
-214
In base 12, what is -4b + 14?
-37
In base 8, what is 60 - 12?
46
In base 8, what is -17737 - 4?
-17743
In base 15, what is e0 - 6?
d9
In base 11, what is 0 + 14?
14
In base 7, what is 21 - 10?
11
In base 2, what is -1010111 + 11100?
-111011
In base 13, 